r?
False
Is 840938357 prime?
False
Is 13524069967 a prime number?
False
Is 1024727287 prime?
False
Is 1730024447 a composite number?
False
Is 2124965407 prime?
False
Is 32076749 prime?
False
Is 652874141 prime?
True
Is 8065013731 prime?
True
Is 9902160923 a prime number?
True
Is 842790251 prime?
False
Is 64251030343 prime?
True
Is 1224141397 composite?
True
Is 6833324969 a prime number?
True
Is 17690940973 prime?
False
Is 13982744437 prime?
True
Is 68156244697 prime?
True
Is 21436668199 composite?
False
Is 5013746987 a composite number?
False
Is 6786993443 a prime number?
True
Is 527132701 a composite number?
False
Is 912749083 composite?
True
Is 9369921131 composite?
False
Is 3995112241 a prime number?
False
Is 33282259 a prime number?
False
Is 1876352053 prime?
True
Is 2963030638 a composite number?
True
Is 3636191269 a prime number?
False
Is 32092077067 prime?
False
Is 10739726531 composite?
False
Is 3783957929 composite?
True
Is 12875582767 composite?
False
Is 95176150127 composite?
False
Is 31156939361 composite?
True
Is 6153760871 a composite number?
False
Is 299786801 a prime number?
False
Is 15126796627 a prime number?
False
Is 117642779923 a composite number?
True
Is 210980681 composite?
False
Is 4235867719 composite?
False
Is 4996750909 prime?
False
Is 2856956021 a prime number?
True
Is 273325027 a prime number?
True
Is 41996219 a prime number?
True
Is 97034183 a prime number?
True
Is 1171591699 composite?
True
Is 35681957761 a prime number?
False
Is 5154757639 prime?
True
Is 136149578711 a composite number?
True
Is 116256912782 prime?
False
Is 48912619703 prime?
False
Is 22552704145 a composite number?
True
Is 1223937769 composite?
True
Is 18488694677 a prime number?
True
Is 437623997 a prime number?
True
Is 5393068207 prime?
True
Is 1385795713 composite?
True
Is 2657438651 a composite number?
True
Is 13395796649 a composite number?
True
Is 16383619087 a prime number?
False
Is 9855625333 a composite number?
True
Is 1198771513 prime?
False
Is 19763960933 prime?
True
Is 608837263 composite?
False
Is 73565059 prime?
True
Is 190048794861 prime?
False
Is 37096928041 a composite number?
True
Is 4222733591 composite?
True
Is 73529766095 a prime number?
False
Is 6748959661 prime?
False
Is 3284823299 prime?
False
Is 21353959663 composite?
False
Is 426279359 a prime number?
False
Is 67070135117 a composite number?
True
Is 174413159 a composite number?
False
Is 24119430199 a composite number?
False
Is 322052747 a composite number?
False
Is 202494923 prime?
True
Is 743700491 composite?
True
Is 2260327549 a composite number?
False
Is 28159518419 a composite number?
False
Is 1910873669 a prime number?
True
Is 7843750979 composite?
True
Is 13861963769 a prime number?
True
Is 190213259 composite?
False
Is 1387802857 prime?
False
Is 77497787 a prime number?
False
Is 7968248417 prime?
True
Is 12992758531 prime?
False
Is 1582028519 prime?
True
Is 126705530951 composite?
True
Is 15824858551 a prime number?
False
Is 2100201569 composite?
True
Is 190891526159 composite?
True
Is 9193834589 prime?
False
Is 91946753 composite?
False
Is 1495126921 a prime number?
True
Is 45894748379 a prime number?
True
Is 2856489443 composite?
True
Is 605150341 a composite number?
True
Is 23420068993 prime?
True
Is 19152109429 prime?
True
Is 205221353 a composite number?
True
Is 15505860011 prime?
False
Is 1106460233 prime?
False
Is 1541909971 prime?
False
Is 4088818906 a composite number?
True
Is 194325539 prime?
True
Is 60429551521 prime?
True
Is 14124969247 composite?
False
Is 24055100023 a prime number?
False
Is 1293166757 composite?
False
Is 100898581769 composite?
True
Is 106110349 prime?
False
Is 18003587785 a composite number?
True
Is 270320117 composite?
False
Is 225121669 composite?
False
Is 33145201 composite?
False
Is 5087972089 prime?
False
Is 96634898869 a composite number?
False
Is 28195780139 prime?
False
Is 176274269 composite?
False
Is 144031163 prime?
True
Is 843407947 prime?
True
Is 59532265139 a prime number?
True
Is 822577435 prime?
False
Is 372264091 a composite number?
False
Is 2648406533 a prime number?
True
Is 992755289 a composite number?
True
Is 843216037 prime?
False
Is 3812074093 composite?
False
Is 163455562 a prime number?
False
Is 31282609637 prime?
True
Is 2644484137 prime?
False
Is 802856179 a composite number?
True
Is 663261616345 a prime number?
False
Is 2861878231 a composite number?
False
Is 121018649 a composite number?
False
Is 1368182393 prime?
False
Is 389314091 composite?
False
Is 3561690827 a prime number?
True
Is 15141569 prime?
True
Is 2375021449 composite?
True
Is 240536563 a prime number?
False
Is 30126889943 prime?
False
Is 50196902879 prime?
False
Is 482326021 a composite number?
False
Is 4394527601 prime?
True
Is 337807537 a prime number?
True
Is 174961461 a composite number?
True
Is 45042224191 prime?
False
Is 5324877739 a prime number?
True
Is 3516465629 a composite number?
True
Is 701567263 composite?
False
Is 3516810209 composite?
True
Is 318982367 a composite number?
True
Is 49067839 prime?
False
Is 35464396277 composite?
False
Is 4727351091 prime?
False
Is 102953380661 a composite number?
False
Is 456538003 a prime number?
True
Is 52297756501 a composite number?
False
Is 22654744033 prime?
False
Is 2447703169 a composite number?
False
Is 481408043 a composite number?
False
Is 2402749477 composite?
False
Is 125461583 a composite number?
True
Is 2949384721 a prime number?
False
Is 795226615 composite?
True
Is 557561887 a composite number?
True
Is 15803445277 composite?
False
Is 23311135151 a composite number?
False
Is 2229006023 a composite number?
False
Is 3418141589 a prime number?
True
Is 69204637 a composite number?
True
Is 169610930491 composite?
False
Is 8176590859 a composite number?
True
Is 10304507743 a composite number?
False
Is 1488176353 a prime number?
False
Is 154144111 a composite number?
True
Is 12129494057 prime?
True
Is 4845962411 a composite number?
False
Is 9511453 composite?
True
Is 13560994973 prime?
False
Is 1412439367 prime?
True
Is 76690014707 composite?
True
Is 15005577641 prime?
True
Is 1278988109 prime?
False
Is 33098009183 prime?
True
Is 448767503 composite?
False
Is 80505606527 composite?
False
Is 43691686079 a composite number?
False
Is 181971287 a composite number?
False
Is 459314161 a composite number?
True
Is 203530630639 a prime number?
False
Is 31808309821 composite?
False
Is 3890770283 a composite number?
True
Is 1907743307 a prime number?
True
Is 10144223123 a composite number?
True
Is 18506618959 prime?
False
Is 21907097691 a composite number?
True
Is 82992693131 composite?
False
Is 1082054201 a prime number?
False
Is 161035333 composite?
False
Is 15284720005 a composite number?
True
Is 29834791607 prime?
False
Is 43609851559 a prime number?
True
Is 106098249461 composite?
True
Is 97007126 a composite number?
True
Is 13214936269 prime?
True
Is 1082828687 a composite number?
False
Is 42074690029 a composite number?
False
Is 10880701579 composite?
True
Is 2896790866 a prime number?
False
Is 396640271 a prime number?
True
Is 74407748741 prime?
True
Is 57252083609 a prime number?
False
Is 19171794571 a prime number?
True
Is 103981635799 a composite number?
False
Is 444069803 a composite number?
True
Is 1650911489 prime?
True
Is 4161147719 composite?
False
Is 15613362797 a composite number?
True
Is 5494378201 composite?
True
Is 3546823415 composite?
True
Is 1296968945 composite?
True
Is 56352776923 a prime number?
False
Is 222470013287 a prime number?
True
Is 13026923581 prime?
False
Is 532756058 prime?
False
Is 320245889 prime?
True
Is 28178892259 prime?
False
Is 26663798851 prime?
True
Is 10812593711 prime?
False
Is 1163602133 composite?
False
Is 70618628539 prime?
True
Is 22724668333 composite?
True
Is 1422159331 a prime number?
False
Is 6766402049 prime?
False
Is 3833876401 a prime number?
True
Is 1823464603 composite?
True
Is 36638857579 composite?
False
Is 11201873957 a prime number?
True
Is 16220258693 a prime number?
True
Is 3140804773 a composite number?
True
Is 14036911397 composite?
False
Is 35583697409 composite?
True
Is 5093693741 a prime number?
False
Is 26022189047 a prime number?
False
Is 48117240863 a prime number?
True
Is 2064667523 composite?
True
Is 25816004087